*u + 3*x = 442. Calculate the remainder when u is divided by 24.
23
Let k(r) = r**3 + 19*r**2 - 10*r. Let v be k(-20). Let q = v + 289. Calculate the remainder when q is divided by 18.
17
Calculate the remainder when 3*(5 - 340/(-15)) is divided by 35.
13
Let x(c) = -2*c + 3. Let l(o) = -o**3 + 8*o**2 + 104. What is the remainder when l(0) is divided by x(-9)?
20
Let o(m) = -m**2 + 27*m - 137. What is the remainder when (-3)/(-4 + 294/74) is divided by o(11)?
33
Suppose 1836 = 11*u + 450. Suppose -8*n = -15*n + u. What is the remainder when n is divided by 5?
3
Let r(j) = -2*j - 1. Let m(i) = -2*i + 3. Let l be m(6). Suppose 12 = 4*f - 12. Calculate the remainder when r(l) is divided by f.
5
Let i(o) = -5*o**2 - 4*o - 7. Let t be i(-2). Calculate the remainder when 55 is divided by (4 - 6)*t/2.
17
Suppose 5*u - 34 = -19. Calculate the remainder when 3 is divided by (u - 2)/((-24)/9 - -3).
0
Suppose 2*s - 1 = 3. Suppose -s*d - 2 = -22. Suppose 0 = 3*h + 4*c - 34, 0*h = 2*h - 5*c + 8. What is the remainder when d is divided by h?
4
Suppose 4*y - 6*y = -5*m - 583, -3*y + 932 = 4*m. What is the remainder when y is divided by 18?
16
Let g be ((-360)/(-100))/(3/10). Suppose g*x = 9*x + 264. Calculate the remainder when x is divided by (0 - 0) + 30/1.
28
Let y(c) = c**2 + c - 17. Let m be y(0). Let i = -303 + 278. Let v = m - i. Calculate the remainder when v is divided by 3.
2
Let x = 619 + -580. What is the remainder when 698 is divided by x?
35
Suppose 4*p - 2*a = 60, -5*a + 88 = 5*p - a. Let b be (-140)/p - (-6)/8. What is the remainder when 63 is divided by 3/(-4) + (-134)/b?
15
Let h(p) = 11*p**3 - p**2 - 6*p + 2. Let u be h(3). What is the remainder when -2*(-466)/16 + (-68)/u is divided by 12?
10
Let j(p) = -p**2 + 10*p - 5. What is the remainder when 12/(-54) - (-994)/18 is divided by j(6)?
17
Let p = 50 + -8. Suppose -3*w = -p + 12. What is the remainder when w is divided by 3?
1
Let h = 26 + 20. Calculate the remainder when 46 is divided by (-15)/10 - -2 - h/(-4).
10
Let u = -34 + 31. Let w(p) = p + 7. Calculate the remainder when 1*-1 - (-12 - -2) is divided by w(u).
1
Suppose 31 = -2*l + 3*l - 3*n, -1 = l + 5*n. What is the remainder when 148 is divided by l?
15
Let t = -243 - -118. What is the remainder when 36 is divided by ((-2)/(-5))/(-5 + (-630)/t)?
6
Suppose -2*j = -5 - 3. Suppose -427 + 87 = -j*g. Suppose -g = -4*h + 4*r - 1, 2*h - 3*r = 39. What is the remainder when 46 is divided by h?
22
Let m = -9565 + 9596. What is the remainder when 6/21 - (-766)/14 is divided by m?
24
Suppose -5*n - 6*w + 580 = -11*w, -5*n - 3*w = -540. What is the remainder when n is divided by 49?
13
Suppose 5*u - 87 = 33. What is the remainder when u is divided by 5?
4
Let r(t) be the first derivative of t**4/4 - 3*t**2 + 9*t + 15. What is the remainder when 35 is divided by r(3)?
17
Let h(f) = -f + 2. Let y be h(8). Let r(p) = p**3 + 5*p**2 - 5*p. Let w be r(y). What is the remainder when 25 is divided by (1 - w)*(3 + -1)?
11
Let l be (-2)/15 + (-176)/30. Let z be 123*(16/l + 3). Suppose 0*m + m = z. Calculate the remainder when m is divided by 21.
20
Let i(s) = s**3 + 5*s**2 - 9*s - 6. Let m = 110 - 89. Calculate the remainder when m is divided by i(-6).
9
What is the remainder when (-6 + 67/4)*4 is divided by 24?
19
What is the remainder when 347 is divided by 12/3 - 2*8/(-2)?
11
Let f(d) = -d**2 - 8*d + 2. Suppose 30 = -0*a - 6*a. Calculate the remainder when 97 is divided by f(a).
12
Suppose 3*z = 2*p - 61, -4*p = 5*z - 0*p + 109. Let b = -61 + z. Let v = b - -117. Calculate the remainder when v is divided by 9.
8
What is the remainder when (-6510)/(-22) - 8/(-88) is divided by 35?
16
Suppose -b - 169 = -4*v, 2*v + 4*b = 152 - 54. Calculate the remainder when v is divided by 16.
11
Let f = 38 - 22. Let x = 20 - -2. Let z = x - 13. Calculate the remainder when f is divided by z.
7
Let c be ((-4)/(-8))/(2/4). Calculate the remainder when (5 - 4) + c + 14 is divided by 14.
2
Calculate the remainder when (-18)/(-42) - (-17688)/84 is divided by 22.
13
Calculate the remainder when 291 is divided by (84 - 168)/(3*2/(-3)).
39
Suppose 0 = -4*y + 9 - 1. Suppose 6*l = 3*l + 9, -y*l = 5*t - 101. Calculate the remainder when 56 is divided by t.
18
Let l = 20 - -1. What is the remainder when 82 is divided by l*4*3/12?
19
Suppose 7 + 1 = o. Suppose 26 = 7*x - 177. Calculate the remainder when x is divided by o.
5
Suppose -5*c + 0*s - 5*s = 40, s = c + 2. Suppose 5*d = 5*h + 79 - 229, 5*h + d - 144 = 0. Calculate the remainder when h is divided by 7 + 0 - (4 - -1)/c.
5
Suppose 9*r - 81 - 117 = 0. What is the remainder when 106 is divided by r?
18
Let s be 7 + (1 + -2 - -2). Suppose s*p - 166 = 146. Calculate the remainder when p is divided by (-2)/8 + 41/4.
9
What is the remainder when ((-36)/(-21))/(12/126) is divided by 4?
2
Let w be 45/(605/(-418) - 3/(-2)). Calculate the remainder when ((-4)/(-7))/2 + w/21 is divided by 15.
11
Let s(i) = -65*i**3 + i. Let x be s(-1). Let l = 120 - x. Suppose 2*p + 4*t = -2*p + l, 5*t - 57 = -4*p. What is the remainder when p is divided by 4?
1
Suppose h - 4 = 2*s + 4, 4*s - 44 = -3*h. Suppose -84 = i - 7*i. Suppose 5*t = i*t - 198. Calculate the remainder when t is divided by h.
10
Suppose 6*v + 12 = 8*v. Let a be (-5)/(-2 + 9/v). What is the remainder when 81 is divided by 284/10 - 4/a?
25
Suppose d - 19 = -2*g, 5*g - 2*d = -4*d + 45. Suppose -4*c - 18 = -g*c. What is the remainder when 19 is divided by c?
1
Let h be 21*-29*(3 + -2). Let k = 18 - 39. What is the remainder when h/k + 0/(-2) is divided by 5?
4
Suppose 4*r - 17 = -5. Suppose 0 = r*p - p - 34. Suppose 71*b - 192 = 67*b. What is the remainder when b is divided by p?
14
Let m(x) = 76*x**2 - 11*x - 6. Let n(c) = 25*c**2 - 4*c - 2. Let k(o) = 3*m(o) - 8*n(o). Calculate the remainder when k(-1) is divided by 17.
10
Let m(u) = -u**2 - 19*u - 18. What is the remainder when 45 is divided by m(-4)?
3
Let t = 309 - 289. What is the remainder when 459 is divided by t?
19
Calculate the remainder when (-226)/(-6) - (-6)/(-9) is divided by (336/(-8))/(-3) + (-2)/(-2).
7
Let z = 34 - 24. Suppose 2*a - z = -0*a. Suppose -2*j + 46 = -2*n, 2*j + n + 69 = a*j. Calculate the remainder when j is divided by 6.
5
Let j = -387 - -405. Let b = -5 + 5. Suppose -4*v + m + 140 = b, 4*m = -4*v - 0*v + 140. Calculate the remainder when v is divided by j.
17
Let q = 1244 - 1179. What is the remainder when 231 is divided by q?
36
Let d(p) = -16*p - 36. What is the remainder when d(-3) is divided by 7?
5
Calculate the remainder when (-6)/(-9)*-97*(-117)/39 is divided by 89.
16
Let d be 1965/(-12) - (52/16 - 3). Let k = 177 + d. Suppose 5*l + 6*i - i = 125, -l - 2*i = -26. Calculate the remainder when l is divided by k.
11
Let a(l) = 23*l - 49. Calculate the remainder when a(4) is divided by 2.
1
Let u(g) = -g**2 + 14*g + 32. Let a(o) = -o**3 + 7*o**2 + 5*o - 21. Let z be a(7). What is the remainder when u(z) is divided by 13?
6
Let l = 27 + -25. Suppose k - l - 2 = 0. Suppose 1 = 3*d - k*d, 0 = 2*y + 2*d - 92. What is the remainder when y is divided by 17?
13
Let b = 74 - 53. Let k be (-30)/(-9)*b/14. Suppose -h = -k*h + 100. Calculate the remainder when h is divided by 7.
4
Suppose -f - f + 1 = -b, 0 = 2*b - f - 7. Calculate the remainder when 25 is divided by ((-14)/(-5))/(1/b).
11
Calculate the remainder when 175 is divided by (-174)/(-8) - (-6 + (-276)/(-48)).
21
Suppose 25 = 1094*o - 1089*o. Let m be (1*-2)/(-2) + 1. Suppose -19 = -u + m*c + 2, 3*u - 54 = -3*c. Calculate the remainder when u is divided by o.
4
Suppose -63 = 2*x - 5*x. Suppose 0*v + 24 = 4*v. What is the remainder when x is divided by v?
3
Suppose -4 = 5*t + 5*f + 6, -t - 5*f = 18. Calculate the remainder when 17 is divided by 3 + (9/t)/(-3)*-2.
5
Calculate the remainder when 3/9 + (-1140)/(-9) is divided by 43.
41
Suppose -17*v + 1910 = 1740. What is the remainder when 494 is divided by v?
4
Let l(u) = u + 12. Let a be l(-7). Suppose a = -3*x - 5*r, -4*r = 3*x + 2*x + 4. What is the remainder when 14 is divided by 3 + -6 + x - -7?
2
Suppose 5*y - 6*d + 165 = -2*d, -33 = y + 5*d. Let q = 41 + y. Calculate the remainder when 14 is divided by q.
6
Calculate the remainder when 6 + 47 + (-5 - -4) + 1 is divided by 6.
5
Calcu